{"id":101,"date":"2024-11-16T20:06:26","date_gmt":"2024-11-16T19:06:26","guid":{"rendered":"https:\/\/cck-trutnov.cz\/?page_id=101"},"modified":"2024-11-16T20:32:19","modified_gmt":"2024-11-16T19:32:19","slug":"odkazy","status":"publish","type":"page","link":"https:\/\/cck-trutnov.cz\/?page_id=101","title":{"rendered":"Odkazy"},"content":{"rendered":"\n<h2 class=\"wp-block-heading\">Odkazy<\/h2>\n\n\n\n<h3 class=\"wp-block-heading\"><a href=\"http:\/\/www.cervenykriz.eu\/cz\/cz_root.aspx\" target=\"_blank\" rel=\"noreferrer noopener\">Ofici\u00e1ln\u00ed str\u00e1nky \u010cesk\u00e9ho \u010derven\u00e9ho k\u0159\u00ed\u017ee<\/a><\/h3>\n\n\n\n<h3 class=\"wp-block-heading\"><a href=\"http:\/\/ldt-krizacek.webnode.cz\/\" target=\"_blank\" rel=\"noreferrer noopener\">Str\u00e1nky t\u00e1bora K\u0159i\u017e\u00e1\u010dek&nbsp;<\/a><\/h3>\n\n\n\n<p>&nbsp;<strong>Spolupracuj\u00edc\u00ed organizace&nbsp;<\/strong><\/p>\n\n\n\n<p><strong><a href=\"http:\/\/systema.conetik.eu\/\" target=\"_blank\" rel=\"noreferrer noopener\">Systema Trutnov z.s.&nbsp;<\/a><\/strong><\/p>\n\n\n\n<figure class=\"wp-block-image\"><a href=\"http:\/\/systema.conetik.eu\/\" target=\"_blank\" rel=\"noreferrer noopener\"><img decoding=\"async\" src=\"https:\/\/cck-trutnov.cz\/images\/logo_tr3.png\" alt=\"logo tr3\"\/><\/a><\/figure>\n\n\n\n<p><strong>PRO ZAM\u011aSTNANCE<\/strong>:&nbsp;<a href=\"http:\/\/ccktrutnov.rajce.net\/bowlingovy_turnaj_zamestnancu_22.6.2018\">http:\/\/ccktrutnov.rajce.net\/bowlingovy_turnaj_zamestnancu_22.6.2018<\/a>&nbsp;<\/p>\n\n\n\n<h3 class=\"wp-block-heading\"><a href=\"http:\/\/systema.conetik.eu\/\" target=\"_blank\" rel=\"noreferrer noopener\">Str\u00e1nky Systema Trutnov<\/a><\/h3>\n","protected":false},"excerpt":{"rendered":"<p>Odkazy Ofici\u00e1ln\u00ed str\u00e1nky \u010cesk\u00e9ho \u010derven\u00e9ho k\u0159\u00ed\u017ee Str\u00e1nky t\u00e1bora K\u0159i\u017e\u00e1\u010dek&nbsp; &nbsp;Spolupracuj\u00edc\u00ed organizace&nbsp; Systema Trutnov z.s.&nbsp; PRO ZAM\u011aSTNANCE:&nbsp;http:\/\/ccktrutnov.rajce.net\/bowlingovy_turnaj_zamestnancu_22.6.2018&nbsp; Str\u00e1nky Systema Trutnov<\/p>\n","protected":false},"author":1,"featured_media":0,"parent":0,"menu_order":0,"comment_status":"closed","ping_status":"closed","template":"","meta":{"footnotes":""},"class_list":["post-101","page","type-page","status-publish","hentry"],"_links":{"self":[{"href":"https:\/\/cck-trutnov.cz\/index.php?rest_route=\/wp\/v2\/pages\/101","targetHints":{"allow":["GET"]}}],"collection":[{"href":"https:\/\/cck-trutnov.cz\/index.php?rest_route=\/wp\/v2\/pages"}],"about":[{"href":"https:\/\/cck-trutnov.cz\/index.php?rest_route=\/wp\/v2\/types\/page"}],"author":[{"embeddable":true,"href":"https:\/\/cck-trutnov.cz\/index.php?rest_route=\/wp\/v2\/users\/1"}],"replies":[{"embeddable":true,"href":"https:\/\/cck-trutnov.cz\/index.php?rest_route=%2Fwp%2Fv2%2Fcomments&post=101"}],"version-history":[{"count":2,"href":"https:\/\/cck-trutnov.cz\/index.php?rest_route=\/wp\/v2\/pages\/101\/revisions"}],"predecessor-version":[{"id":154,"href":"https:\/\/cck-trutnov.cz\/index.php?rest_route=\/wp\/v2\/pages\/101\/revisions\/154"}],"wp:attachment":[{"href":"https:\/\/cck-trutnov.cz\/index.php?rest_route=%2Fwp%2Fv2%2Fmedia&parent=101"}],"curies":[{"name":"wp","href":"https:\/\/api.w.org\/{rel}","templated":true}]}}