{"id":10,"date":"2024-11-16T12:35:13","date_gmt":"2024-11-16T11:35:13","guid":{"rendered":"https:\/\/cck-trutnov.cz\/?page_id=10"},"modified":"2024-11-16T20:20:02","modified_gmt":"2024-11-16T19:20:02","slug":"org-struktura-cck","status":"publish","type":"page","link":"https:\/\/cck-trutnov.cz\/?page_id=10","title":{"rendered":"Org. struktura \u010c\u010cK"},"content":{"rendered":"\n<h2 class=\"wp-block-heading\">Struktura \u010c\u010cK<\/h2>\n\n\n\n<p><strong>Organiza\u010dn\u00ed struktura \u010cesk\u00e9ho \u010derven\u00e9ho k\u0159\u00ed\u017ee<\/strong><\/p>\n\n\n\n<p>M\u00edstn\u00ed skupina mus\u00ed m\u00edt minim\u00e1ln\u011b 5 \u010dlen\u016f. Jej\u00edmi org\u00e1ny jsou:<\/p>\n\n\n\n<ul class=\"wp-block-list\">\n<li>&#8211; valn\u00e1 hromada (shrom\u00e1\u017ed\u011bn\u00ed v\u0161ech \u010dlen\u016f M\u00edstn\u00ed skupiny)<\/li>\n\n\n\n<li>&#8211; p\u0159edstavenstvo (p\u0159edseda, jednatel, pokladn\u00edk, p\u0159\u00edp. dal\u0161\u00ed \u010dlenov\u00e9)<\/li>\n\n\n\n<li>&#8211; revizo\u0159i<\/li>\n<\/ul>\n\n\n\n<p><strong>M\u00edstn\u00ed skupiny v oblasti (nap\u0159. okres, obvod, m\u011bsto apod.) tvo\u0159\u00ed Oblastn\u00ed spolek \u010c\u010cK.<\/strong><\/p>\n\n\n\n<p><strong>Org\u00e1ny Oblastn\u00edho spolku \u010c\u010cK jsou:<\/strong><\/p>\n\n\n\n<ul class=\"wp-block-list\">\n<li>&#8211; valn\u00e9 shrom\u00e1\u017ed\u011bn\u00ed Oblastn\u00edho spolku (jeho \u010dleny jsou deleg\u00e1ti voleni M\u00edstn\u00edmi skupinami \u010c\u010cK)<\/li>\n\n\n\n<li>&#8211; Oblastn\u00ed v\u00fdkonn\u00e1 rada \u010c\u010cK<\/li>\n\n\n\n<li>&#8211;&nbsp;Dozor\u010d\u00ed rada \u010c\u010cK<\/li>\n<\/ul>\n\n\n\n<p><strong>Oblastn\u00ed v\u00fdkonn\u00e1 rada z\u0159izuje \u00da\u0159ad Oblastn\u00edho spolku \u010c\u010cK.<\/strong><\/p>\n\n\n\n<p>\u010cesk\u00fd \u010derven\u00fd k\u0159\u00ed\u017e je spole\u010dnost\u00ed, kterou tvo\u0159\u00ed v\u0161echny Oblastn\u00ed spolky \u010c\u010cK.<\/p>\n\n\n\n<p><strong>Jeho org\u00e1ny jsou:<\/strong><\/p>\n\n\n\n<ul class=\"wp-block-list\">\n<li>&#8211; Shrom\u00e1\u017ed\u011bn\u00ed deleg\u00e1t\u016f (tvo\u0159\u00ed jej deleg\u00e1ti zvolen\u00ed z Oblastn\u00edch spolk\u016f \u010c\u010cK) &#8211; Nejvy\u0161\u0161\u00ed org\u00e1n \u010c\u010cK<\/li>\n\n\n\n<li>&#8211; V\u00fdkonn\u00e1 rada \u010c\u010cK<\/li>\n\n\n\n<li>&#8211; Dozor\u010d\u00ed rada \u010c\u010cK.<\/li>\n<\/ul>\n\n\n\n<p>V\u00fdkonn\u00e1 rada z\u0159izuje \u00da\u0159ad \u010cesk\u00e9ho \u010derven\u00e9ho k\u0159\u00ed\u017ee.<\/p>\n\n\n\n<figure class=\"wp-block-image\"><img decoding=\"async\" src=\"https:\/\/cck-trutnov.cz\/images\/provozni\/struktura.png\" alt=\"struktura\"\/><\/figure>\n","protected":false},"excerpt":{"rendered":"<p>Struktura \u010c\u010cK Organiza\u010dn\u00ed struktura \u010cesk\u00e9ho \u010derven\u00e9ho k\u0159\u00ed\u017ee M\u00edstn\u00ed skupina mus\u00ed m\u00edt minim\u00e1ln\u011b 5 \u010dlen\u016f. Jej\u00edmi org\u00e1ny jsou: M\u00edstn\u00ed skupiny v oblasti (nap\u0159. okres, obvod, m\u011bsto&hellip;<\/p>\n","protected":false},"author":1,"featured_media":0,"parent":43,"menu_order":0,"comment_status":"closed","ping_status":"closed","template":"","meta":{"footnotes":""},"class_list":["post-10","page","type-page","status-publish","hentry"],"_links":{"self":[{"href":"https:\/\/cck-trutnov.cz\/index.php?rest_route=\/wp\/v2\/pages\/10","targetHints":{"allow":["GET"]}}],"collection":[{"href":"https:\/\/cck-trutnov.cz\/index.php?rest_route=\/wp\/v2\/pages"}],"about":[{"href":"https:\/\/cck-trutnov.cz\/index.php?rest_route=\/wp\/v2\/types\/page"}],"author":[{"embeddable":true,"href":"https:\/\/cck-trutnov.cz\/index.php?rest_route=\/wp\/v2\/users\/1"}],"replies":[{"embeddable":true,"href":"https:\/\/cck-trutnov.cz\/index.php?rest_route=%2Fwp%2Fv2%2Fcomments&post=10"}],"version-history":[{"count":2,"href":"https:\/\/cck-trutnov.cz\/index.php?rest_route=\/wp\/v2\/pages\/10\/revisions"}],"predecessor-version":[{"id":146,"href":"https:\/\/cck-trutnov.cz\/index.php?rest_route=\/wp\/v2\/pages\/10\/revisions\/146"}],"up":[{"embeddable":true,"href":"https:\/\/cck-trutnov.cz\/index.php?rest_route=\/wp\/v2\/pages\/43"}],"wp:attachment":[{"href":"https:\/\/cck-trutnov.cz\/index.php?rest_route=%2Fwp%2Fv2%2Fmedia&parent=10"}],"curies":[{"name":"wp","href":"https:\/\/api.w.org\/{rel}","templated":true}]}}